{"id":125,"date":"2013-12-15T19:16:48","date_gmt":"2013-12-15T19:16:48","guid":{"rendered":"http:\/\/uptobe.es\/tierraspolares\/trineodeviento\/?page_id=125"},"modified":"2013-12-15T19:16:48","modified_gmt":"2013-12-15T19:16:48","slug":"travesias-groenlandia","status":"publish","type":"page","link":"https:\/\/tierraspolares.es\/trineodeviento\/travesias-groenlandia\/","title":{"rendered":"Traves\u00edas Groenlandia 2000-2003"},"content":{"rendered":"<p>Tras las primeras pruebas en Espa\u00f1a y Canad\u00e1, el Trineo de Viento da un gran salto en cuatro expediciones a Groenlandia, en los a\u00f1os <a href=\"http:\/\/tierraspolares.es\/\/tierraspolares\/trineodeviento\/?page_id=111\">2000<\/a>,<a href=\"http:\/\/tierraspolares.es\/\/tierraspolares\/trineodeviento\/?page_id=108\"> 2001<\/a>,<a href=\"http:\/\/tierraspolares.es\/\/tierraspolares\/trineodeviento\/?page_id=105\"> 2002<\/a> y <a href=\"http:\/\/tierraspolares.es\/\/tierraspolares\/trineodeviento\/?page_id=102\">2003<\/a> que sirven para poner a prueba el dise\u00f1o e ir incorporando mejoras en su desarrollo.<\/p>\n<ul>\n<li class=\"page-title entry-title\"><a href=\"https:\/\/tierraspolares.es\/trineodeviento\/travesia-este-oeste-de-groenlandia-2003\/\">Traves\u00eda de Groenlandia Este-Oeste 2003<\/a><\/li>\n<li class=\"page-title entry-title\"><a href=\"https:\/\/tierraspolares.es\/trineodeviento\/travesia-sur-norte-de-groelandia-2002\/\">Traves\u00eda de Groelandia Sur-Norte 2002<\/a><\/li>\n<li class=\"page-title entry-title\"><a href=\"https:\/\/tierraspolares.es\/trineodeviento\/travesia-de-groenlandia-2001\/\">Traves\u00eda de Groenlandia Sur-Norte 2001<\/a><\/li>\n<li class=\"page-title entry-title\"><a href=\"https:\/\/tierraspolares.es\/trineodeviento\/travesia-de-groenlandia-2000\/\">Traves\u00eda de Groenlandia 2000<\/a><\/li>\n<\/ul>\n","protected":false},"excerpt":{"rendered":"<p>Tras las primeras pruebas en Espa\u00f1a y Canad\u00e1, el Trineo de Viento da un gran salto en cuatro expediciones a Groenlandia, en los a\u00f1os 2000, 2001, 2002 y 2003 que sirven para poner a prueba el dise\u00f1o e ir incorporando mejoras en su desarrollo. Traves\u00eda de Groenlandia Este-Oeste 2003 Traves\u00eda de Groelandia Sur-Norte 2002 Traves\u00eda de Groenlandia Sur-Norte 2001 Traves\u00eda de Groenlandia 2000<\/p>\n","protected":false},"author":1,"featured_media":0,"parent":0,"menu_order":0,"comment_status":"closed","ping_status":"closed","template":"","meta":{"footnotes":""},"class_list":["post-125","page","type-page","status-publish","hentry"],"_links":{"self":[{"href":"https:\/\/tierraspolares.es\/trineodeviento\/wp-json\/wp\/v2\/pages\/125","targetHints":{"allow":["GET"]}}],"collection":[{"href":"https:\/\/tierraspolares.es\/trineodeviento\/wp-json\/wp\/v2\/pages"}],"about":[{"href":"https:\/\/tierraspolares.es\/trineodeviento\/wp-json\/wp\/v2\/types\/page"}],"author":[{"embeddable":true,"href":"https:\/\/tierraspolares.es\/trineodeviento\/wp-json\/wp\/v2\/users\/1"}],"replies":[{"embeddable":true,"href":"https:\/\/tierraspolares.es\/trineodeviento\/wp-json\/wp\/v2\/comments?post=125"}],"version-history":[{"count":0,"href":"https:\/\/tierraspolares.es\/trineodeviento\/wp-json\/wp\/v2\/pages\/125\/revisions"}],"wp:attachment":[{"href":"https:\/\/tierraspolares.es\/trineodeviento\/wp-json\/wp\/v2\/media?parent=125"}],"curies":[{"name":"wp","href":"https:\/\/api.w.org\/{rel}","templated":true}]}}