{"id":2106,"date":"2016-04-19T23:46:56","date_gmt":"2016-04-19T21:46:56","guid":{"rendered":"http:\/\/uptobe.es\/tierraspolares\/trineodeviento\/?page_id=2106"},"modified":"2016-04-19T23:46:56","modified_gmt":"2016-04-19T21:46:56","slug":"expedicion-cumbre-del-hielo-en-groenlandia-2016","status":"publish","type":"page","link":"https:\/\/tierraspolares.es\/trineodeviento\/expedicion-cumbre-del-hielo-en-groenlandia-2016\/","title":{"rendered":"Expedici\u00f3n Cumbre de Hielo Groenlandia 2016"},"content":{"rendered":"<p>&nbsp;<\/p>\n<p>El proyecto Trineo de Viento organiza en la primavera de 2016 la \u00abExpedici\u00f3n Cumbre de Hielo Groenlandia 2016\u00bb, un nuevo hito para la exploraci\u00f3n cient\u00edfica polar. Por primera vez en la historia, un veh\u00edculo movido por energ\u00edas renovables lograr\u00e1 ascender casi 2.000 metros de altitud, hasta los 3.205 metros, sin necesidad de combustibles f\u00f3siles, mientras la tripulaci\u00f3n realiza diferentes experimentos cient\u00edficos relacionados con la evaluaci\u00f3n del cambio clim\u00e1tico. Se trata de probar las posibilidades del veh\u00edculo en las condiciones m\u00e1s complicadas y probar mecanismos que permiten aumentar la carga, siempre teniendo en el horizonte su aprovechamiento para la ciencia polar mundial.<\/p>\n<p>La nueva expedici\u00f3n, en la q<a href=\"http:\/\/tierraspolares.es\/\/tierraspolares\/trineodeviento\/wp-content\/uploads\/2016\/04\/83d54efd-a0dc-478b-8eb9-0ed6b296041a.jpg\"><img fetchpriority=\"high\" decoding=\"async\" class=\"wp-image-2141 alignleft\" src=\"http:\/\/tierraspolares.es\/\/tierraspolares\/trineodeviento\/wp-content\/uploads\/2016\/04\/83d54efd-a0dc-478b-8eb9-0ed6b296041a.jpg\" alt=\"83d54efd-a0dc-478b-8eb9-0ed6b296041a\" width=\"322\" height=\"409\" srcset=\"https:\/\/tierraspolares.es\/trineodeviento\/wp-content\/uploads\/2016\/04\/83d54efd-a0dc-478b-8eb9-0ed6b296041a.jpg 454w, https:\/\/tierraspolares.es\/trineodeviento\/wp-content\/uploads\/2016\/04\/83d54efd-a0dc-478b-8eb9-0ed6b296041a-236x300.jpg 236w\" sizes=\"(max-width: 322px) 100vw, 322px\" \/><\/a>ue participan <a href=\"http:\/\/tierraspolares.es\/\/tierraspolares\/trineodeviento\/equipo-cumbre-de-hielo-groenlandia-2016\/\">nueve personas <\/a>en total, tiene previsto realizar un recorrido de 2.000 kil\u00f3metros partiendo desde la costa suroeste, en Kangerlussuaq, para alcanzar la zona m\u00e1s alta del desierto interior helado (indlandsis) de Groenlandia, donde se encuentra la base cient\u00edfica norteamericana Summit Camp. Desde all\u00ed bajar\u00e1 hacia la costa sureste, a la altura de Isortoq, donde parte del equipo saldr\u00e1 para ser sustituido por nuevas incorporaciones.<\/p>\n<p>Iniciar\u00e1n en ese punto el regreso a Kagerlussuaq, cruzando de nuevo por el hielo de este a oeste, donde dar\u00e1n por finalizada la aventura, unos 32 d\u00eda despu\u00e9s de su partida. Durante el recorrido triangular recoger\u00e1n muestras para <a href=\"http:\/\/tierraspolares.es\/\/tierraspolares\/trineodeviento\/proyectos-cientificos-groenlandia-2016-2\/\">diferentes proyectos cient\u00edficos<\/a>.<\/p>\n<p>Nunca antes se ha intentado algo similar en autonom\u00eda total, sin necesidad de apoyo motorizado por el aire o por tierra y proporcionando la posibilidad de recoger datos a lo largo de miles de kil\u00f3metros.<\/p>\n<p>El nuevo prototipo de Trineo de Viento ha experimentando i<a href=\"http:\/\/tierraspolares.es\/\/tierraspolares\/trineodeviento\/innovaciones-2016\/\">mportantes mejoras <\/a>respecto al que se utiliz\u00f3 en 2014.<\/p>\n<p>&nbsp;<\/p>\n","protected":false},"excerpt":{"rendered":"<p>&nbsp; El proyecto Trineo de Viento organiza en la primavera de 2016 la \u00abExpedici\u00f3n Cumbre de Hielo Groenlandia 2016\u00bb, un nuevo hito para la exploraci\u00f3n cient\u00edfica polar. Por primera vez en la historia, un veh\u00edculo movido por energ\u00edas renovables lograr\u00e1 ascender casi 2.000 metros de altitud, hasta los 3.205 metros, sin necesidad de combustibles f\u00f3siles, mientras la tripulaci\u00f3n realiza diferentes experimentos cient\u00edficos relacionados con la evaluaci\u00f3n del cambio clim\u00e1tico. Se trata de probar las posibilidades del veh\u00edculo en las condiciones m\u00e1s complicadas y probar mecanismos que permiten aumentar la carga, siempre teniendo en el horizonte su aprovechamiento para la ciencia polar mundial. La nueva expedici\u00f3n, en la que participan nueve personas en total, tiene previsto realizar un recorrido de 2.000 kil\u00f3metros partiendo desde la costa suroeste, en Kangerlussuaq, para alcanzar la zona m\u00e1s alta del desierto interior helado (indlandsis) de Groenlandia, donde se encuentra la base cient\u00edfica norteamericana Summit Camp. Desde all\u00ed bajar\u00e1 hacia la costa sureste, a la altura de Isortoq, donde parte del equipo saldr\u00e1 para ser sustituido por nuevas incorporaciones. Iniciar\u00e1n en ese punto el regreso a Kagerlussuaq, cruzando de nuevo por el hielo de este a oeste, donde dar\u00e1n por finalizada la aventura, unos 32 d\u00eda [&hellip;]<\/p>\n","protected":false},"author":1,"featured_media":0,"parent":0,"menu_order":0,"comment_status":"closed","ping_status":"closed","template":"","meta":{"footnotes":""},"class_list":["post-2106","page","type-page","status-publish","hentry"],"_links":{"self":[{"href":"https:\/\/tierraspolares.es\/trineodeviento\/wp-json\/wp\/v2\/pages\/2106","targetHints":{"allow":["GET"]}}],"collection":[{"href":"https:\/\/tierraspolares.es\/trineodeviento\/wp-json\/wp\/v2\/pages"}],"about":[{"href":"https:\/\/tierraspolares.es\/trineodeviento\/wp-json\/wp\/v2\/types\/page"}],"author":[{"embeddable":true,"href":"https:\/\/tierraspolares.es\/trineodeviento\/wp-json\/wp\/v2\/users\/1"}],"replies":[{"embeddable":true,"href":"https:\/\/tierraspolares.es\/trineodeviento\/wp-json\/wp\/v2\/comments?post=2106"}],"version-history":[{"count":0,"href":"https:\/\/tierraspolares.es\/trineodeviento\/wp-json\/wp\/v2\/pages\/2106\/revisions"}],"wp:attachment":[{"href":"https:\/\/tierraspolares.es\/trineodeviento\/wp-json\/wp\/v2\/media?parent=2106"}],"curies":[{"name":"wp","href":"https:\/\/api.w.org\/{rel}","templated":true}]}}