{"id":235,"date":"2013-12-16T19:56:44","date_gmt":"2013-12-16T19:56:44","guid":{"rendered":"http:\/\/uptobe.es\/tierraspolares\/trineodeviento\/?page_id=235"},"modified":"2013-12-16T19:56:44","modified_gmt":"2013-12-16T19:56:44","slug":"prensa","status":"publish","type":"page","link":"https:\/\/tierraspolares.es\/trineodeviento\/prensa\/","title":{"rendered":"Prensa"},"content":{"rendered":"<p><strong>EXPEDICI\u00d3N CIRCUNNAVEGACI\u00d3N GROENLANDIA 2014<\/strong><\/p>\n<p>EL MUNDO (1-12-2013):\u00a0<a href=\"http:\/\/tierraspolares.es\/\/tierraspolares\/trineodeviento\/wp-content\/uploads\/2013\/12\/EM2-CIENCIA-pag-57.pdf\">EM2 CIENCIA &#8211; pag 57<\/a><\/p>\n<p>LA RAZ\u00d3N (8-12-2013) \u00a0<a href=\"http:\/\/tierraspolares.es\/\/tierraspolares\/trineodeviento\/wp-content\/uploads\/2013\/12\/ART-LA-RAZON-SOBRE-EL-CATAMARAN-3.pdf\">Sociedad Pag. 1<\/a><\/p>\n<p>&nbsp;<\/p>\n<p><strong>ACCIONA ANT\u00c1RTICA WINDPOWERED 2011-2012<\/strong><\/p>\n<p><span style=\"font-size: 13px; line-height: 19px;\">DIARIO DE NAVARRA (1-12-2011):\u00a0<\/span><a style=\"font-size: 13px; line-height: 19px;\" href=\"http:\/\/tierraspolares.es\/\/tierraspolares\/trineodeviento\/wp-content\/uploads\/2013\/12\/Diario-de-Navarra.pdf\">Diario-de-Navarra<\/a><\/p>\n<p>DIARIO ARA \u00a0(6-12-2011)\u00a0<a href=\"http:\/\/tierraspolares.es\/\/tierraspolares\/trineodeviento\/wp-content\/uploads\/2013\/12\/Diario-ARA.pdf\">Diario-ARA<\/a><span style=\"font-size: 13px; line-height: 19px;\">\u00a0<\/span><\/p>\n<p>EL MUNDO (7-4-2012):\u00a0<a href=\"http:\/\/tierraspolares.es\/\/tierraspolares\/trineodeviento\/wp-content\/uploads\/2013\/12\/WEB07AB-Madrid-PORTADA-EM2-pag-45.pdf\">\u00a0PORTADA EM2\u00a0<\/a>\u00a0y\u00a0<a href=\"http:\/\/tierraspolares.es\/\/tierraspolares\/trineodeviento\/wp-content\/uploads\/2013\/12\/WEB07AB-Madrid-EM2-CIENCIA-pag-46.pdf\">\u00a0CIENCIA &#8211; pag 46<\/a><\/p>\n<p>EL PA\u00cdS SEMANAL (14-4-2012):\u00a0<a href=\"http:\/\/tierraspolares.es\/\/tierraspolares\/trineodeviento\/wp-content\/uploads\/2013\/12\/EPS15abril2012.pdf\">EPS15abril2012<\/a><\/p>\n<p>&nbsp;<\/p>\n<p><strong>TRASANT\u00c1RTICA 2005-2006<\/strong><\/p>\n<p><span style=\"font-size: 13px; line-height: 19px;\">-BERRIA EUSKADI (1-2005):\u00a0<\/span><a style=\"font-size: 13px; line-height: 19px;\" href=\"http:\/\/tierraspolares.es\/\/tierraspolares\/trineodeviento\/wp-content\/uploads\/2013\/12\/Berria-Euskadi.pdf\">Doble p\u00e1gina<\/a><\/p>\n<p>-DIARIO DE NAVARRA (31-10-2005):\u00a0<a href=\"http:\/\/tierraspolares.es\/\/tierraspolares\/trineodeviento\/wp-content\/uploads\/2013\/12\/Diario-Navarra-2.pdf\">P\u00e1gina 1<\/a>\u00a0y <a href=\"http:\/\/tierraspolares.es\/\/tierraspolares\/trineodeviento\/wp-content\/uploads\/2013\/12\/Diario-Navarra.pdf\">P\u00e1gina 2<\/a><\/p>\n<p>-DIARIO VASCO (5-11- 2005):\u00a0<a href=\"http:\/\/tierraspolares.es\/\/tierraspolares\/trineodeviento\/wp-content\/uploads\/2013\/12\/Diario-Vasco.pdf\">Aire Libre P\u00e1g. 1<\/a><\/p>\n<p><span style=\"font-size: 13px; line-height: 19px;\">-EL PERI\u00d3DICO DE CATALU\u00d1A (9-11-2005)\u00a0<\/span><a style=\"font-size: 13px; line-height: 19px;\" href=\"http:\/\/tierraspolares.es\/\/tierraspolares\/trineodeviento\/wp-content\/uploads\/2013\/12\/Periodico-Catalu\u00f1a.pdf\">P\u00e1gina 1\u00a0<\/a><span style=\"font-size: 13px; line-height: 19px;\">\u00a0y\u00a0<\/span><a style=\"font-size: 13px; line-height: 19px;\" href=\"http:\/\/tierraspolares.es\/\/tierraspolares\/trineodeviento\/wp-content\/uploads\/2013\/12\/Periodico-Catalu\u00f1a-2.pdf\">P\u00e1gina 2\u00a0<\/a><\/p>\n<p>-EL PA\u00cdS (20-11-2005):\u00a0<a href=\"http:\/\/tierraspolares.es\/\/tierraspolares\/trineodeviento\/wp-content\/uploads\/2013\/12\/ElPa\u00eds2005.pdf\">P\u00e1gina TVE<\/a><\/p>\n<p>-DIARIO DE NAVARRA (13-1-2006)\u00a0<a href=\"http:\/\/tierraspolares.es\/\/tierraspolares\/trineodeviento\/wp-content\/uploads\/2013\/12\/13GENERAL-041.pdf\">P\u00e1gina 1<\/a><\/p>\n<p>-EL PERI\u00d3DICO DE CATALU\u00d1A (14-1-2006):\u00a0<a href=\"http:\/\/tierraspolares.es\/\/tierraspolares\/trineodeviento\/wp-content\/uploads\/2013\/12\/final-traves\u00eda-El-Periodico-Catalu\u00f1a.pdf\">P\u00e1gina Deportes\u00a0<\/a><\/p>\n<p><span style=\"font-size: 13px; line-height: 19px;\">&#8211; DIARIO DE NAVARRA (24-12-2006) \u00a0\u00a0<\/span><a style=\"font-size: 13px; line-height: 19px;\" href=\"http:\/\/tierraspolares.es\/\/tierraspolares\/trineodeviento\/wp-content\/uploads\/2013\/12\/24GENERAL-049.pdf\">PORTADA,\u00a0<\/a><a style=\"font-size: 13px; line-height: 19px;\" href=\"http:\/\/tierraspolares.es\/\/tierraspolares\/trineodeviento\/wp-content\/uploads\/2013\/12\/24GENERAL-056.pdf\">P\u00e1gina 1<\/a><span style=\"font-size: 13px; line-height: 19px;\">\u00a0y\u00a0<\/span><a style=\"font-size: 13px; line-height: 19px;\" href=\"http:\/\/tierraspolares.es\/\/tierraspolares\/trineodeviento\/wp-content\/uploads\/2013\/12\/24GENERAL-057.pdf\">P\u00e1gina 2\u00a0<\/a><\/p>\n<p>&#8211; DIARIO VASCO (30-1-2006):\u00a0<a href=\"http:\/\/tierraspolares.es\/\/tierraspolares\/trineodeviento\/wp-content\/uploads\/2013\/12\/transantartica-1.-DiarioVasco.pdf\">P\u00e1gina 1 \u00a0<\/a>\u00a0y\u00a0<a href=\"http:\/\/tierraspolares.es\/\/tierraspolares\/trineodeviento\/wp-content\/uploads\/2013\/12\/transantartica-2.DiarioVasco.pdf\">P\u00e1gina 2\u00a0<\/a><\/p>\n<p><span style=\"font-size: 13px; line-height: 19px;\">.-<\/span><span style=\"font-size: 13px; line-height: 19px;\">MORGUNBLA\u00d0I\u00d0 SUNNUDAGUR \u00a0(26-7-2009)\u00a0<\/span><a style=\"font-size: 13px; line-height: 19px;\" href=\"http:\/\/tierraspolares.es\/\/tierraspolares\/trineodeviento\/wp-content\/uploads\/2013\/12\/Articulo-de-Ramon-en-Periodico-Island\u00e9s.pdf\">Articulo en Periodico Island\u00e9s<\/a><\/p>\n<p>&nbsp;<\/p>\n<p>&nbsp;<\/p>\n<p>&nbsp;<\/p>\n<p>&nbsp;<\/p>\n","protected":false},"excerpt":{"rendered":"<p>EXPEDICI\u00d3N CIRCUNNAVEGACI\u00d3N GROENLANDIA 2014 EL MUNDO (1-12-2013):\u00a0EM2 CIENCIA &#8211; pag 57 LA RAZ\u00d3N (8-12-2013) \u00a0Sociedad Pag. 1 &nbsp; ACCIONA ANT\u00c1RTICA WINDPOWERED 2011-2012 DIARIO DE NAVARRA (1-12-2011):\u00a0Diario-de-Navarra DIARIO ARA \u00a0(6-12-2011)\u00a0Diario-ARA\u00a0 EL MUNDO (7-4-2012):\u00a0\u00a0PORTADA EM2\u00a0\u00a0y\u00a0\u00a0CIENCIA &#8211; pag 46 EL PA\u00cdS SEMANAL (14-4-2012):\u00a0EPS15abril2012 &nbsp; TRASANT\u00c1RTICA 2005-2006 -BERRIA EUSKADI (1-2005):\u00a0Doble p\u00e1gina -DIARIO DE NAVARRA (31-10-2005):\u00a0P\u00e1gina 1\u00a0y P\u00e1gina 2 -DIARIO VASCO (5-11- 2005):\u00a0Aire Libre P\u00e1g. 1 -EL PERI\u00d3DICO DE CATALU\u00d1A (9-11-2005)\u00a0P\u00e1gina 1\u00a0\u00a0y\u00a0P\u00e1gina 2\u00a0 -EL PA\u00cdS (20-11-2005):\u00a0P\u00e1gina TVE -DIARIO DE NAVARRA (13-1-2006)\u00a0P\u00e1gina 1 -EL PERI\u00d3DICO DE CATALU\u00d1A (14-1-2006):\u00a0P\u00e1gina Deportes\u00a0 &#8211; DIARIO DE NAVARRA (24-12-2006) \u00a0\u00a0PORTADA,\u00a0P\u00e1gina 1\u00a0y\u00a0P\u00e1gina 2\u00a0 &#8211; DIARIO VASCO (30-1-2006):\u00a0P\u00e1gina 1 \u00a0\u00a0y\u00a0P\u00e1gina 2\u00a0 .-MORGUNBLA\u00d0I\u00d0 SUNNUDAGUR \u00a0(26-7-2009)\u00a0Articulo en Periodico Island\u00e9s &nbsp; &nbsp; &nbsp; &nbsp;<\/p>\n","protected":false},"author":1,"featured_media":0,"parent":0,"menu_order":0,"comment_status":"closed","ping_status":"closed","template":"","meta":{"footnotes":""},"class_list":["post-235","page","type-page","status-publish","hentry"],"_links":{"self":[{"href":"https:\/\/tierraspolares.es\/trineodeviento\/wp-json\/wp\/v2\/pages\/235","targetHints":{"allow":["GET"]}}],"collection":[{"href":"https:\/\/tierraspolares.es\/trineodeviento\/wp-json\/wp\/v2\/pages"}],"about":[{"href":"https:\/\/tierraspolares.es\/trineodeviento\/wp-json\/wp\/v2\/types\/page"}],"author":[{"embeddable":true,"href":"https:\/\/tierraspolares.es\/trineodeviento\/wp-json\/wp\/v2\/users\/1"}],"replies":[{"embeddable":true,"href":"https:\/\/tierraspolares.es\/trineodeviento\/wp-json\/wp\/v2\/comments?post=235"}],"version-history":[{"count":0,"href":"https:\/\/tierraspolares.es\/trineodeviento\/wp-json\/wp\/v2\/pages\/235\/revisions"}],"wp:attachment":[{"href":"https:\/\/tierraspolares.es\/trineodeviento\/wp-json\/wp\/v2\/media?parent=235"}],"curies":[{"name":"wp","href":"https:\/\/api.w.org\/{rel}","templated":true}]}}