{"id":2373,"date":"2016-05-06T14:03:35","date_gmt":"2016-05-06T12:03:35","guid":{"rendered":"http:\/\/uptobe.es\/tierraspolares\/trineodeviento\/?page_id=2373"},"modified":"2016-05-06T14:03:35","modified_gmt":"2016-05-06T12:03:35","slug":"medios-audiovisuales","status":"publish","type":"page","link":"https:\/\/tierraspolares.es\/trineodeviento\/medios-audiovisuales\/","title":{"rendered":"MEDIOS AUDIOVISUALES 2016"},"content":{"rendered":"<h2>31 de diciembre<\/h2>\n<p><strong>Canal de TV Colombia NTN 24<\/strong><\/p>\n<p><a href=\"http:\/\/www.ntn24.com\/envivo\">Fin de A\u00f1o<\/a><\/p>\n<h2>6 de diciembre<\/h2>\n<p><strong>ONDA MADRID: Programa de Ely Del Valle Hoy en Madrid<\/strong><\/p>\n<p><a href=\"http:\/\/www.telemadrid.es\/audio\/hoy-en-madrid-programa-del-martes-6-de-diciembre-de-2016-1200-1300-h\">http:\/\/www.telemadrid.es\/audio\/hoy-en-madrid-programa-del-martes-6-de-diciembre-de-2016-1200-1300-h<\/a><\/p>\n<p><strong>ONDA MADRID, programa de PABLO OTERO<\/strong><\/p>\n<p><a href=\"http:\/\/www.ivoox.com\/aqui-no-hay-playa-m29-11-16-hq-audios-mp3_rf_14248824_1.html\">http:\/\/www.ivoox.com\/aqui-no-hay-playa-m29-11-16-hq-audios-mp3_rf_14248824_1.html<\/a><\/p>\n<h2>29 de Noviembre<\/h2>\n<p><strong>ONDA MADRID <\/strong><a href=\"http:\/\/www.ivoox.com\/aqui-no-hay-playa-m29-11-16-hq-audios-mp3_rf_14248824_1.html\">Aqu\u00ed no hay Playa<\/a><\/p>\n<h2>28 de Junio<\/h2>\n<p><strong>COPE<\/strong><\/p>\n<p><a href=\"http:\/\/www.cope.es\/player\/latarde18a1928062016&amp;id=2016062818140001&amp;activo=10\">La Tarde con \u00c1ngel Exp\u00f3sito<\/a><\/p>\n<h2>22 de Junio<\/h2>\n<p><strong>ONDA MADRID<\/strong>\u00a0<a href=\"http:\/\/www.telemadrid.es\/audio\/aqui-no-hay-playa-programa-del-miercoles-22-de-junio-de-2016\">Aqu\u00ed no hay playa<\/a><\/p>\n<h2>21 de Junio<\/h2>\n<p><strong>Radio Euskadi<\/strong><\/p>\n<p><a href=\"http:\/\/www.eitb.tv\/es\/radio\/radio-euskadi\/la-casa-de-la-palabra\/3446030\/4180082\/ecomarcha-ignacio-oficialdegui-groenlandia-en-trineo-de-viento\/\">La Casa de la Palabra<\/a><\/p>\n<h2>19 de Junio<\/h2>\n<p><strong>COPE<\/strong><\/p>\n<p><a href=\"http:\/\/www.cope.es\/index.jsp\">Fin de Semana<\/a><\/p>\n<h2>17 de Junio<\/h2>\n<p><strong>La Ser<\/strong><\/p>\n<p><a href=\"http:\/\/play.cadenaser.com\/audio\/cadenaser_laventana_20160617_170000_180000\/\">La Ventana con Carlos Francino<\/a><\/p>\n<h2>9 de Junio<\/h2>\n<p><strong>M-80.<\/strong><\/p>\n<p><a href=\"http:\/\/yaveremosm80.com\/ramon-larramendi-nos-cuenta-los-progresos-de-la-expedicion-trineo-de-viento\/\">Ya veremos con Juan Luis Cano<\/a><\/p>\n<p><strong>ONDA MADRID<\/strong><\/p>\n<p><a href=\"http:\/\/m.ivoox.com\/aqui-no-hay-playa-j09-06-16-hq-audios-mp3_rf_11840816_1.html\">Aqu\u00ed no hay Playa\u00a0<\/a><\/p>\n<h2>23 de Mayo<\/h2>\n<p><strong>TVE:\u00a0La Aventura del Saber.<\/strong><\/p>\n<p>http:\/\/www.rtve.es\/alacarta\/videos\/la-aventura-del-saber\/aventura-del-saber-23-05-16\/3614674\/<\/p>\n<h2>15 de Mayo<\/h2>\n<p><strong>RNE 5<\/strong>.\u00a0<a href=\"http:\/\/mvod.lvlt.rtve.es\/resources\/TE_SEPAREN\/mp3\/9\/3\/1463414942839.mp3\">Entrepar\u00e9ntesis<\/a><\/p>\n<h2>14 de Mayo<\/h2>\n<p><strong>Onda Vasca<\/strong><\/p>\n<p><a href=\"http:\/\/piedradetoque.es\/sobre\/onda-vasca\/\">Piedra de Toque<\/a><\/p>\n<h2>13 de Mayo<\/h2>\n<p><strong>Canal Orbe 21 TV (Argentina)<\/strong><\/p>\n<p><a href=\"http:\/\/www.canalorbe21.com\/programas\/magazine-orbe-21\/\">Magazine<\/a><\/p>\n<h2><strong>12 Mayo 2016<\/strong><\/h2>\n<div id=\"contenidoshowhide\" class=\"reduced\">\n<div class=\"description\">\n<p><strong>RNE5\u00a0<\/strong><a href=\"http:\/\/mvod.lvlt.rtve.es\/resources\/TE_SRESER\/mp3\/9\/5\/1463044622259.mp3\">Reserva Natural<\/a>\u00a0con Josefina Maestre<\/p>\n<\/div>\n<\/div>\n<h2>11 de Mayo 2016<\/h2>\n<h4>Radio Exterior<\/h4>\n<p><a href=\"http:\/\/www.rtve.es\/alacarta\/audios\/marca-espana\/marca-espana-expedicion-del-trineo-viento-espanol-groenlandia-11-05-16\/3604779\/\">Marca Espa\u00f1a<\/a><\/p>\n<h2>10 de MAYO<\/h2>\n<p><a href=\"http:\/\/www.ivoox.com\/ya-veremos-m80-10-05-2016-programa-completo-audios-mp3_rf_11486207_1.html\"><strong>M-80<\/strong> <\/a><\/p>\n<p><a href=\"http:\/\/www.ivoox.com\/ya-veremos-m80-10-05-2016-programa-completo-audios-mp3_rf_11486207_1.html\">Ya Veremos, con Juan Luis Cano<\/a><\/p>\n<p><strong>Radio Euskadi<\/strong><\/p>\n<p><a href=\"http:\/\/www.eitb.tv\/es\/radio\/radio-euskadi\/la-casa-de-la-palabra\/3446030\/4059280\/terremoto-ecuador-groenlandia-en-trineo-de-viento\/?_ga=1.206723795.155582550.1459529126&amp;__utma=144586529.155582550.1459529126.1462908964.1462958262.5&amp;__utmb=144586529.1.10.1462958262&amp;__utmc=144586529&amp;__utmx=-&amp;__utmz=144586529.1462958262.5.5.utmcsr=google|utmccn=(organic)|utmcmd=organic|utmctr=(not%20provided)&amp;__utmv=-&amp;__utmk=99287966\">La Casa de la Palabra, con Roge Blasco<\/a><\/p>\n<h3>6 DE MAYO:<\/h3>\n<h4><a href=\"http:\/\/latrilladebates.es\/escucha-los-detalles-de-la-expedicion-cientifica-a-groenlandia\/\">Radio Internacional. Jaume Segal\u00e9s<\/a><\/h4>\n<h3><strong>\u00a05 DE MAYO<\/strong><\/h3>\n<p><strong>TV1 &#8211; Telediario 15 horas, 21 horas y TVE 24 HORAS<\/strong><br \/>\n<a href=\"http:\/\/www.rtve.es\/alacarta\/videos\/telediario\/telediario-15-horas-05-05-16\/3598929\/\">http:\/\/www.rtve.es\/alacarta\/videos\/telediario\/telediario-15-horas-05-05-16\/3598929\/\u00a0<\/a><\/p>\n<p><strong>ONDA MADRID: AQU\u00cd NO HAY PLAYA.<\/strong><\/p>\n<p><a href=\"http:\/\/www.telemadrid.es\/audio\/aqui-no-hay-playa-programa-del-jueves-5-de-abril-de-2016#comments\">http:\/\/www.telemadrid.es\/audio\/aqui-no-hay-playa-programa-del-jueves-5-de-abril-de-2016#comments<\/a><\/p>\n<p><strong><a href=\"http:\/\/www.cope.es\/player\/1-hora--programa-la-noche-de-cope--lanochealgalope&amp;id=2016050604210001&amp;activo=10\">COPE: LA NOCHE<\/a><\/strong><\/p>\n<p>(EN EL LINK, a partir minuto 40)<\/p>\n<p>&nbsp;<\/p>\n<p><strong style=\"line-height: 1.5;\">RNE 1 INFORMATIVOS\u00a0<\/strong><\/p>\n<audio class=\"wp-audio-shortcode\" id=\"audio-2373-1\" preload=\"none\" style=\"width: 100%;\" controls=\"controls\"><source type=\"audio\/mpeg\" src=\"http:\/\/mvod.lvlt.rtve.es\/resources\/TE_SDIARI2\/mp3\/1\/1\/1462453779711.mp3?_=1\" \/><a href=\"http:\/\/mvod.lvlt.rtve.es\/resources\/TE_SDIARI2\/mp3\/1\/1\/1462453779711.mp3\">http:\/\/mvod.lvlt.rtve.es\/resources\/TE_SDIARI2\/mp3\/1\/1\/1462453779711.mp3<\/a><\/audio>\n<h3>D\u00cdA 4 DE MAYO<\/h3>\n<p><strong>Onda Cero<\/strong><\/p>\n<p><a href=\"http:\/\/goo.gl\/4zBuHs\">Aqu\u00ed en la Onda. Con Alberto Granados.\u00a0<\/a>(Desde minuto 9 )<\/p>\n<p>&nbsp;<\/p>\n<p>&nbsp;<\/p>\n","protected":false},"excerpt":{"rendered":"<p>31 de diciembre Canal de TV Colombia NTN 24 Fin de A\u00f1o 6 de diciembre ONDA MADRID: Programa de Ely Del Valle Hoy en Madrid http:\/\/www.telemadrid.es\/audio\/hoy-en-madrid-programa-del-martes-6-de-diciembre-de-2016-1200-1300-h ONDA MADRID, programa de PABLO OTERO http:\/\/www.ivoox.com\/aqui-no-hay-playa-m29-11-16-hq-audios-mp3_rf_14248824_1.html 29 de Noviembre ONDA MADRID Aqu\u00ed no hay Playa 28 de Junio COPE La Tarde con \u00c1ngel Exp\u00f3sito 22 de Junio ONDA MADRID\u00a0Aqu\u00ed no hay playa 21 de Junio Radio Euskadi La Casa de la Palabra 19 de Junio COPE Fin de Semana 17 de Junio La Ser La Ventana con Carlos Francino 9 de Junio M-80. Ya veremos con Juan Luis Cano ONDA MADRID Aqu\u00ed no hay Playa\u00a0 23 de Mayo TVE:\u00a0La Aventura del Saber. http:\/\/www.rtve.es\/alacarta\/videos\/la-aventura-del-saber\/aventura-del-saber-23-05-16\/3614674\/ 15 de Mayo RNE 5.\u00a0Entrepar\u00e9ntesis 14 de Mayo Onda Vasca Piedra de Toque 13 de Mayo Canal Orbe 21 TV (Argentina) Magazine 12 Mayo 2016 RNE5\u00a0Reserva Natural\u00a0con Josefina Maestre 11 de Mayo 2016 Radio Exterior Marca Espa\u00f1a 10 de MAYO M-80 Ya Veremos, con Juan Luis Cano Radio Euskadi La Casa de la Palabra, con Roge Blasco 6 DE MAYO: Radio Internacional. Jaume Segal\u00e9s \u00a05 DE MAYO TV1 &#8211; Telediario 15 horas, 21 horas y TVE 24 HORAS http:\/\/www.rtve.es\/alacarta\/videos\/telediario\/telediario-15-horas-05-05-16\/3598929\/\u00a0 ONDA MADRID: AQU\u00cd NO HAY PLAYA. http:\/\/www.telemadrid.es\/audio\/aqui-no-hay-playa-programa-del-jueves-5-de-abril-de-2016#comments COPE: LA NOCHE (EN [&hellip;]<\/p>\n","protected":false},"author":1,"featured_media":0,"parent":0,"menu_order":0,"comment_status":"closed","ping_status":"closed","template":"","meta":{"footnotes":""},"class_list":["post-2373","page","type-page","status-publish","hentry"],"_links":{"self":[{"href":"https:\/\/tierraspolares.es\/trineodeviento\/wp-json\/wp\/v2\/pages\/2373","targetHints":{"allow":["GET"]}}],"collection":[{"href":"https:\/\/tierraspolares.es\/trineodeviento\/wp-json\/wp\/v2\/pages"}],"about":[{"href":"https:\/\/tierraspolares.es\/trineodeviento\/wp-json\/wp\/v2\/types\/page"}],"author":[{"embeddable":true,"href":"https:\/\/tierraspolares.es\/trineodeviento\/wp-json\/wp\/v2\/users\/1"}],"replies":[{"embeddable":true,"href":"https:\/\/tierraspolares.es\/trineodeviento\/wp-json\/wp\/v2\/comments?post=2373"}],"version-history":[{"count":0,"href":"https:\/\/tierraspolares.es\/trineodeviento\/wp-json\/wp\/v2\/pages\/2373\/revisions"}],"wp:attachment":[{"href":"https:\/\/tierraspolares.es\/trineodeviento\/wp-json\/wp\/v2\/media?parent=2373"}],"curies":[{"name":"wp","href":"https:\/\/api.w.org\/{rel}","templated":true}]}}