{"id":3187,"date":"2017-04-04T16:31:01","date_gmt":"2017-04-04T14:31:01","guid":{"rendered":"http:\/\/uptobe.es\/tierraspolares\/trineodeviento\/?page_id=3187"},"modified":"2017-04-04T16:31:01","modified_gmt":"2017-04-04T14:31:01","slug":"rio-de-hielo-2017","status":"publish","type":"page","link":"https:\/\/tierraspolares.es\/trineodeviento\/rio-de-hielo-2017\/","title":{"rendered":"R\u00edo de Hielo 2017"},"content":{"rendered":"<p class=\"tw-data-text tw-ta tw-text-small\" dir=\"ltr\" data-placeholder=\"Traducci\u00f3n\"><a href=\"http:\/\/tierraspolares.es\/\/tierraspolares\/trineodeviento\/wp-content\/uploads\/2017\/04\/10.EnMarcha2.jpg\"><img fetchpriority=\"high\" decoding=\"async\" class=\"wp-image-3194 aligncenter\" src=\"http:\/\/tierraspolares.es\/\/tierraspolares\/trineodeviento\/wp-content\/uploads\/2017\/04\/10.EnMarcha2-768x576.jpg\" alt=\"\" width=\"556\" height=\"416\" srcset=\"https:\/\/tierraspolares.es\/trineodeviento\/wp-content\/uploads\/2017\/04\/10.EnMarcha2-768x576.jpg 768w, https:\/\/tierraspolares.es\/trineodeviento\/wp-content\/uploads\/2017\/04\/10.EnMarcha2-300x225.jpg 300w, https:\/\/tierraspolares.es\/trineodeviento\/wp-content\/uploads\/2017\/04\/10.EnMarcha2.jpg 1000w\" sizes=\"(max-width: 556px) 100vw, 556px\" \/><\/a><\/p>\n<p class=\"tw-data-text tw-ta tw-text-small\" dir=\"ltr\" data-placeholder=\"Traducci\u00f3n\">El Trineo de Viento en 2017 da un salto importante: realiza la primera expedici\u00f3n con un objetivo 100% cient\u00edfico de impacto internacional: la expedici\u00f3n <strong>R\u00edo de Hielo 2017<\/strong>, en la que los tripulantes del veh\u00edculo polar tienen previsto dedicar varias semanas a la recogida de datos y muestras cient\u00edficas para diferentes instituciones que implican a investigadores de varios pa\u00edses. De este modo, se convierte en una plataforma cient\u00edfica y tecnol\u00f3gica m\u00f3vil \u00fanica en el mundo que documenta los acelerados proceso de cambio clim\u00e1tico en el \u00c1rtico con emisiones cero. Por vez primera, en la traves\u00eda participar\u00e1 un conocido investigador de la Universidad de Curtis (Australia), Ross Edwards, ahora en la Universidad de Madison (Wisconsin, EEUU).<\/p>\n<div id=\"attachment_2470\" style=\"width: 476px\" class=\"wp-caption alignleft\"><a href=\"http:\/\/tierraspolares.es\/\/tierraspolares\/trineodeviento\/wp-content\/uploads\/2016\/04\/JasonBox2-1-e1463499325953.jpg\"><img decoding=\"async\" aria-describedby=\"caption-attachment-2470\" class=\"wp-image-2470 lazyload\" data-src=\"http:\/\/tierraspolares.es\/\/tierraspolares\/trineodeviento\/wp-content\/uploads\/2016\/04\/JasonBox2-1-768x501.jpg\" alt=\"\" width=\"466\" height=\"304\" src=\"data:image\/svg+xml;base64,PHN2ZyB3aWR0aD0iMSIgaGVpZ2h0PSIxIiB4bWxucz0iaHR0cDovL3d3dy53My5vcmcvMjAwMC9zdmciPjwvc3ZnPg==\" style=\"--smush-placeholder-width: 466px; --smush-placeholder-aspect-ratio: 466\/304;\" \/><\/a><p id=\"caption-attachment-2470\" class=\"wp-caption-text\">Jason Box con Ignacio Oficialdegui.<\/p><\/div>\n<p class=\"tw-data-text tw-ta tw-text-small\" dir=\"ltr\" data-placeholder=\"Traducci\u00f3n\">La expedici\u00f3n, que recorrer\u00e1 una de las zona m\u00e1s inexploradas del planeta, se desarrollar\u00e1 desde el 15 de mayo hasta finales de junio y ser\u00e1 liderada por el creador y promotor del Trineo de Viento, el explorador polar espa\u00f1ol Ram\u00f3n Larramendi. Participar\u00e1n con \u00e9l otros tres expedicionarios, entre ellos el cient\u00edfico australiano.<\/p>\n<p class=\"tw-data-text tw-ta tw-text-small\" dir=\"ltr\" data-placeholder=\"Traducci\u00f3n\">En la ruta de navegaci\u00f3n por el hielo est\u00e1 previsto que recorra unos 1.200 kil\u00f3metros desde las cercan\u00edas de la costa oeste de Groenlandia Kangerlussuaq, en el mismo punto de partida que en las dos \u00faltimas expediciones, hasta su destino, la base cient\u00edfica internacional East GRIP. En un punto del hielo cercano a la localidad groenlandesa, la expedici\u00f3n ser\u00e1 depositada por un helic\u00f3ptero y tomar\u00e1 rumbo hacia el norte, impulsados por el viento, hasta alcanzar la cumbre de hielo interior de Groenlandia, en un punto situado m\u00e1s al norte del que alcanzaron en la expedici\u00f3n Cumbre de Hielo 2016 y relativamente cercano a la base EGRIP. En concreto, se situar\u00e1n en los 79\u00ba Norte, \u00a0cerca del Polo Norte Geogr\u00e1fico.<\/p>\n<p class=\"tw-data-text tw-ta tw-text-small\" dir=\"ltr\" data-placeholder=\"Traducci\u00f3n\">En ese desierto blanco, el Trineo de Viento se situar\u00e1 sobre una r\u00e1pida corriente de hielo que se encuentra bajo la capa de hielo. Es el m\u00e1s importantes \u00a0de los &#8216;r\u00edos&#8217; de hielo&#8217; glaciares, responsables de la descarga de icebergs sobre los oc\u00e9anos: estos r\u00edos representan\u00a0<span lang=\"es\">la mitad de la p\u00e9rdida de masa de la capa de hielo de Groenlandia. Se sabe que muchos arroyos de hielo han duplicado sus velocidades durante la \u00faltima d\u00e9cada, como es este caso.<\/span><\/p>\n<p id=\"tw-target-text\" class=\"tw-data-text tw-ta tw-text-small\" dir=\"ltr\" data-placeholder=\"Traducci\u00f3n\"><span lang=\"es\">Los investigadores necesitan comprender los procesos que experimentan estas corrientes para poder inco<a href=\"http:\/\/tierraspolares.es\/\/tierraspolares\/trineodeviento\/wp-content\/uploads\/2017\/04\/figur1-505.jpg\"><img decoding=\"async\" class=\"wp-image-3195 alignright lazyload\" data-src=\"http:\/\/tierraspolares.es\/\/tierraspolares\/trineodeviento\/wp-content\/uploads\/2017\/04\/figur1-505.jpg\" alt=\"\" width=\"474\" height=\"170\" data-srcset=\"https:\/\/tierraspolares.es\/trineodeviento\/wp-content\/uploads\/2017\/04\/figur1-505.jpg 496w, https:\/\/tierraspolares.es\/trineodeviento\/wp-content\/uploads\/2017\/04\/figur1-505-300x108.jpg 300w\" data-sizes=\"(max-width: 474px) 100vw, 474px\" src=\"data:image\/svg+xml;base64,PHN2ZyB3aWR0aD0iMSIgaGVpZ2h0PSIxIiB4bWxucz0iaHR0cDovL3d3dy53My5vcmcvMjAwMC9zdmciPjwvc3ZnPg==\" style=\"--smush-placeholder-width: 474px; --smush-placeholder-aspect-ratio: 474\/170;\" \/><\/a>rporarlos en \u00a0los modelos clim\u00e1ticos que estudian la capa de hielo, lo que permitir\u00e1 predecir con mucha m\u00e1s precisi\u00f3n la p\u00e9rdida de masa a trav\u00e9s de las mismas, y de este modo tener mejores estimaciones sobre el aumento del nivel del mar en el futuro. Asimismo, se precisan muestras para estudiar el impacto del holl\u00edn que transporta el viento hasta el \u00c1rtico sobre el hielo y, por tanto, el deshielo. En ello participar\u00e1n los tripulantes del Trineo de Viento, realizando perforaciones en la nieve que permitan saber cu\u00e1nta nieve ha ca\u00eddo en las \u00faltimas temporadas invernales y cu\u00e1l es su estado.\u00a0<\/span><\/p>\n<p class=\"tw-data-text tw-ta tw-text-small\" dir=\"ltr\" data-placeholder=\"Traducci\u00f3n\">Para la realizaci\u00f3n y gesti\u00f3n de estos trabajos cient\u00edficos, se incorpora en esta ocasi\u00f3n al equipo del Trineo de Viento el investigador australiano <strong>Ross Edwards<\/strong>, de la Universidad de Curtin, que se encuentra ahora como profesor asociado en la Universidad de Madison (Wisconsin, EEUU) . Edwards est\u00e1 especializado en el rastreo qu\u00edmico de part\u00edculas en el hielo polar y es experto en an\u00e1lisis de los &#8216;n\u00facleos de hielo&#8217; polares para la b\u00fasqueda de trazas de holl\u00edn. Participa, adem\u00e1s, con el destacado glaci\u00f3logo norteamericano\u00a0<a href=\"http:\/\/tierraspolares.es\/\/tierraspolares\/trineodeviento\/asesor-cientifico-jason-box\/\">Jason Box<\/a>\u00a0en el proyecto <strong><a href=\"http:\/\/darksnow.org\/\">Dark Snow<\/a><\/strong>. En RIO DE HIELO 2017, se recoger\u00e1n muestras de nieve para <span lang=\"es\">el proyecto \u00ab<em>Nanopart\u00edculas en la atm\u00f3sfera del pasado: el feedback de los cambios clim\u00e1ticos<\/em>\u00bb que analiza las fuentes del holl\u00edn en la capa de hielo\u00bb, un proyecto de la Universidad de Curtin asociado al Dark Snow.<\/span><\/p>\n<p class=\"tw-data-text tw-ta tw-text-small\" dir=\"ltr\" data-placeholder=\"Traducci\u00f3n\"><span lang=\"es\">Edwards y el equipo del Trineo de Viento recoger\u00e1n tambi\u00e9n muestras en tubos de nieve de dos metros para los cient\u00edficos <strong>Paul Travis Vallelonga<\/strong> y <strong>Hans Christian Steen-Larsen<\/strong>, dentro del proyecto <strong>\u00a0Ice2Ice <\/strong>con el apoyo log\u00edstico de la base EGRIP que gestiona el <a href=\"http:\/\/www.iceandclimate.nbi.ku.dk\/\">Centro para el Hielo y el Clima de Dinamarca<\/a>. <\/span><\/p>\n<p class=\"tw-data-text tw-ta tw-text-small\" dir=\"ltr\" data-placeholder=\"Traducci\u00f3n\"><span lang=\"es\">Ice2Ice estudia pasados cambios clim\u00e1ticos abruptos e identifica los riesgos de una r\u00e1pida disminuci\u00f3n de la banquisa en el \u00c1rtico y su impacto global.<\/span><\/p>\n<p class=\"tw-data-text tw-ta tw-text-small\" dir=\"ltr\" data-placeholder=\"Traducci\u00f3n\">Durante dos semanas, los tripulantes del Trineo realizar\u00e1n hasta 17 perforaciones a una profundidad de entre 20 y 25 metros para conseguir &#8216;cortes de hielo&#8217; (ice-core) en \u00a0localizaciones concretas que les ser\u00e1n facilitadas por los investigadores. Estas muestras ser\u00e1n trasladadas a la base East Grip (EGRIP), una estaci\u00f3n cient\u00edfica en el coraz\u00f3n de Groenlandia en la que participan instituciones cient\u00edficas de 12 pa\u00edses (Estados Unidos, Alemania, Italia, Jap\u00f3n, Dinamarca, etc) y gestiona el <a href=\"http:\/\/www.iceandclimate.nbi.ku.dk\/\">Centro para el Hielo y el Clima de Dinamarca<\/a>. El Trineo de Viento podr\u00eda convertirse en la aportaci\u00f3n oficial espa\u00f1ola a esta importante instalaci\u00f3n cient\u00edfica.<\/p>\n<p class=\"tw-data-text tw-ta tw-text-small\" dir=\"ltr\" data-placeholder=\"Traducci\u00f3n\">Desde Espa\u00f1a, colabora en este mismo proyecto el investigador polar Francisco Navarro, de la Universidad Polit\u00e9cnica de Madrid, investigador principal de los proyectos de glaciolog\u00eda en la Ant\u00e1rtica, disciplina que estudia la respuesta de los glaciares ante los cambios clim\u00e1ticos. Navarro\u00a0ha preparado un georradar para que pueda ser transportado en esta expedici\u00f3n R\u00edo de Hielo 2017, con objeto de recoger datos para <strong>Ice2Ice<\/strong>.<\/p>\n<p class=\"tw-data-text tw-ta tw-text-small\" dir=\"ltr\" data-placeholder=\"Traducci\u00f3n\">Asimismo, Espa\u00f1a participa en R\u00cdO DE HIELO 2017 con un proyecto de la Universidad Aut\u00f3noma de Madrid, dirigido por el investigador <strong>Antonio Quesada<\/strong>, con la recogida de muestras de aire polar para la identificaci\u00f3n de microorganismos. Su objetivo es establecer la capacidad de dispersi\u00f3n y colonizaci\u00f3n de los microorganismos en las zonas polares, donde el cambio clim\u00e1tico est\u00e1 propiciando procesos de deglaciaci\u00f3n que favorecen la aparici\u00f3n de superficies que han estado cubiertas de hielo durante miles de a\u00f1os. Son por tanto, \u00e1reas susceptibles de ser colonizadas y desarrollar nuevas comunidades biol\u00f3gicas.<\/p>\n<p class=\"tw-data-text tw-ta tw-text-small\" dir=\"ltr\" data-placeholder=\"Traducci\u00f3n\">En RIO DE HIELO 2017 se pondr\u00e1 en marcha tambi\u00e9n el primer estudio cient\u00edfico sobre el impacto en la salud humana de una expedici\u00f3n polar, iniciativa del m\u00e9dico de las bases ant\u00e1rticas espa\u00f1olas <strong>Daniel Campo del Castillo<\/strong>. Tambi\u00e9n contar\u00e1 con el apoyo de tres predictores meteorol\u00f3gicos de la AEmet:<strong>Javier Sanz<\/strong>, <strong>Sergi Gonz\u00e1lez<\/strong> y <strong>Francisco Vasallo.<\/strong><\/p>\n<p class=\"tw-data-text tw-ta tw-text-small\" dir=\"ltr\" data-placeholder=\"Traducci\u00f3n\">La base EGRIP ser\u00e1 el punto de destino de esta expedici\u00f3n. Los expedicionarios, una vez desmontado el Trineo de Viento, regresar\u00e1n desde la misma estaci\u00f3n cient\u00edfica a Kangerlussuaq, y desde all\u00ed volar\u00e1n \u00a0a sus lugares de origen.<\/p>\n","protected":false},"excerpt":{"rendered":"<p>El Trineo de Viento en 2017 da un salto importante: realiza la primera expedici\u00f3n con un objetivo 100% cient\u00edfico de impacto internacional: la expedici\u00f3n R\u00edo de Hielo 2017, en la que los tripulantes del veh\u00edculo polar tienen previsto dedicar varias semanas a la recogida de datos y muestras cient\u00edficas para diferentes instituciones que implican a investigadores de varios pa\u00edses. De este modo, se convierte en una plataforma cient\u00edfica y tecnol\u00f3gica m\u00f3vil \u00fanica en el mundo que documenta los acelerados proceso de cambio clim\u00e1tico en el \u00c1rtico con emisiones cero. Por vez primera, en la traves\u00eda participar\u00e1 un conocido investigador de la Universidad de Curtis (Australia), Ross Edwards, ahora en la Universidad de Madison (Wisconsin, EEUU). La expedici\u00f3n, que recorrer\u00e1 una de las zona m\u00e1s inexploradas del planeta, se desarrollar\u00e1 desde el 15 de mayo hasta finales de junio y ser\u00e1 liderada por el creador y promotor del Trineo de Viento, el explorador polar espa\u00f1ol Ram\u00f3n Larramendi. Participar\u00e1n con \u00e9l otros tres expedicionarios, entre ellos el cient\u00edfico australiano. En la ruta de navegaci\u00f3n por el hielo est\u00e1 previsto que recorra unos 1.200 kil\u00f3metros desde las cercan\u00edas de la costa oeste de Groenlandia Kangerlussuaq, en el mismo punto de partida que en [&hellip;]<\/p>\n","protected":false},"author":1,"featured_media":3193,"parent":0,"menu_order":0,"comment_status":"closed","ping_status":"closed","template":"","meta":{"footnotes":""},"class_list":["post-3187","page","type-page","status-publish","has-post-thumbnail","hentry"],"_links":{"self":[{"href":"https:\/\/tierraspolares.es\/trineodeviento\/wp-json\/wp\/v2\/pages\/3187","targetHints":{"allow":["GET"]}}],"collection":[{"href":"https:\/\/tierraspolares.es\/trineodeviento\/wp-json\/wp\/v2\/pages"}],"about":[{"href":"https:\/\/tierraspolares.es\/trineodeviento\/wp-json\/wp\/v2\/types\/page"}],"author":[{"embeddable":true,"href":"https:\/\/tierraspolares.es\/trineodeviento\/wp-json\/wp\/v2\/users\/1"}],"replies":[{"embeddable":true,"href":"https:\/\/tierraspolares.es\/trineodeviento\/wp-json\/wp\/v2\/comments?post=3187"}],"version-history":[{"count":0,"href":"https:\/\/tierraspolares.es\/trineodeviento\/wp-json\/wp\/v2\/pages\/3187\/revisions"}],"wp:featuredmedia":[{"embeddable":true,"href":"https:\/\/tierraspolares.es\/trineodeviento\/wp-json\/wp\/v2\/media\/3193"}],"wp:attachment":[{"href":"https:\/\/tierraspolares.es\/trineodeviento\/wp-json\/wp\/v2\/media?parent=3187"}],"curies":[{"name":"wp","href":"https:\/\/api.w.org\/{rel}","templated":true}]}}