{"id":74,"date":"2013-12-15T18:23:35","date_gmt":"2013-12-15T18:23:35","guid":{"rendered":"http:\/\/uptobe.es\/tierraspolares\/trineodeviento\/?page_id=74"},"modified":"2013-12-15T18:23:35","modified_gmt":"2013-12-15T18:23:35","slug":"javier-selva","status":"publish","type":"page","link":"https:\/\/tierraspolares.es\/trineodeviento\/javier-selva\/","title":{"rendered":"Javier Selva"},"content":{"rendered":"<p><a href=\"http:\/\/tierraspolares.es\/\/tierraspolares\/trineodeviento\/wp-content\/uploads\/2013\/12\/accionantartida-001774.jpg\"><img fetchpriority=\"high\" decoding=\"async\" class=\"aligncenter size-large wp-image-295\" alt=\"\" src=\"http:\/\/tierraspolares.es\/\/tierraspolares\/trineodeviento\/wp-content\/uploads\/2013\/12\/accionantartida-001774-1024x682.jpg\" width=\"1024\" height=\"682\" \/><\/a><\/p>\n<p>Si algo define a Javier Selva es su capacidad para inciar aventuras. De origen castellano, desde muy joven decidi\u00f3 que lo suyo era dedicarse a retratar las bellezas del mundo. As\u00ed que se hizo fot\u00f3grafo y viajero, un perfil que acompa\u00f1a de abundantes dosis de emprendedor de proyectos enraizados con la tierra.<\/p>\n<p>Licenciado en Sociolog\u00eda y con estudios de Geograf\u00eda e Historia, comenz\u00f3 a conocer el planeta en un viaje a Escocia en 1983, y desde entonces le ha dado varias vueltas, de Pap\u00faa Nueva Guinea a Alaska, del Himalaya a los Andes de Per\u00fa y muchos otros destinos que han dado lugar a grandes documentales. Entre ellos, &#8216;Alaska: Monte Logan\u00bb, \u00abDesde\u00a0Rusia con amor: primera ascensi\u00f3n nacional al Khan Tengri\u00bb, \u00abIsla de Baffin: El descubrimiento del fr\u00edo\u00bb, \u00abExpedici\u00f3n Castellano-Manchega: Tibet 97\u00bb, \u00abHistoria de una ilusi\u00f3n: Himalaya de la India\u00bb, \u00abSue\u00f1os \u00c1rticos\u00bb y \u00abPen\u00ednsula Ant\u00e1rtica\u00bb.<\/p>\n<p>Es fundador y director de la productora<a href=\"http:\/\/www.selvaproducciones.es\/\">\u00a0Selva Producciones<\/a>, especializada en producciones para el mundo de la publicidad y la empresa, pero que tambi\u00e9n produce cine y televisi\u00f3n, as\u00ed como otros servicios.<\/p>\n<p>Selva, de espiritu inquieto, tiene un amplio curr\u00edculo como expedicionario. En \u00c1frica ha estado en el Alto Atlas, el Kilimanajaro, Monte Kenia y Punta Lenana; estuvo tambi\u00e9n en la Primera Traves\u00eda en el Monte Newton (Islas Spitzbergen de Noruega) en 1987, en el Monte Logan (Alaska) en 1990, \u00a0en la Traves\u00eda invernal del Parque Nacional de Stora Sj\u00f6fallets (Laponia) en 1997, en la Circunvalaci\u00f3n de Islandia en 1996, en la primera ascenci\u00f3n al\u00a0\u00a0Nunatak Laputaanuik de Groenlandia en 2004, en las primeras subidas nacionales a los montes Tenant, Scott y\u00a0Monte Shackelton de la Pen\u00ednsul aAnt\u00e1rtica en 2001. Y al a\u00f1o siguiente viajar\u00eda a la\u00a0Pen\u00ednsula de Kamchatka para subir al Volc\u00e1n Kliuchevskoi, tambi\u00e9n en la primera traves\u00eda nacional.<\/p>\n<p>Con Ram\u00f3n Larramendi, particip\u00f3 en la <a href=\"http:\/\/tierraspolares.es\/\/tierraspolares\/trineodeviento\/?page_id=96\">Expedici\u00f3n Acciona Windpowered Ant\u00e1rtida<\/a>, en 2011-2012, donde fue el responsable de todas las im\u00e1genes que han dado la vuelta al mundo.<\/p>\n<p>Pero adem\u00e1s de explorar con sus pies y su c\u00e1mara los lugares m\u00e1s rec\u00f3nditos, Javier Selva su inter\u00e9s por la conservaci\u00f3n y el medio ambiente le ha llevado a crear la empresa <a title=\"DeDiMa\" href=\"http:\/\/www.dedima.com\/\">DeDiMa<\/a>, que ofrece desarrollos digitales para la preservaci\u00f3n de la naturaleza (detecci\u00f3n de incendios, realidad aumentada, sistemas de informaci\u00f3n geogr\u00e1fica, etc).<\/p>\n<p>Asimismo es el promotor del proyecto <a href=\"http:\/\/www.lamiradagenerosa.es\/general.php?idi=cas&amp;sec=1\">LA MIRADA GENEROSA<\/a>, una iniciativa para el desarrollo rural a trav\u00e9s de las nuevas tecnolog\u00edas y las energ\u00edas renovables, que tiene su eje en torno a la recuperaci\u00f3n de un molino en un municipio del Pirineo aragon\u00e9s. All\u00ed mismo, se ha involucrado en la recuperaci\u00f3n de cultivos tradicionales que est\u00e1n en extinci\u00f3n.<\/p>\n<p>Es miembro de la <a href=\"http:\/\/www.sge.org\/\">Sociedad Geogr\u00e1fica Espa\u00f1ola<\/a>.<\/p>\n<p>&nbsp;<\/p>\n","protected":false},"excerpt":{"rendered":"<p>Si algo define a Javier Selva es su capacidad para inciar aventuras. De origen castellano, desde muy joven decidi\u00f3 que lo suyo era dedicarse a retratar las bellezas del mundo. As\u00ed que se hizo fot\u00f3grafo y viajero, un perfil que acompa\u00f1a de abundantes dosis de emprendedor de proyectos enraizados con la tierra. Licenciado en Sociolog\u00eda y con estudios de Geograf\u00eda e Historia, comenz\u00f3 a conocer el planeta en un viaje a Escocia en 1983, y desde entonces le ha dado varias vueltas, de Pap\u00faa Nueva Guinea a Alaska, del Himalaya a los Andes de Per\u00fa y muchos otros destinos que han dado lugar a grandes documentales. Entre ellos, &#8216;Alaska: Monte Logan\u00bb, \u00abDesde\u00a0Rusia con amor: primera ascensi\u00f3n nacional al Khan Tengri\u00bb, \u00abIsla de Baffin: El descubrimiento del fr\u00edo\u00bb, \u00abExpedici\u00f3n Castellano-Manchega: Tibet 97\u00bb, \u00abHistoria de una ilusi\u00f3n: Himalaya de la India\u00bb, \u00abSue\u00f1os \u00c1rticos\u00bb y \u00abPen\u00ednsula Ant\u00e1rtica\u00bb. Es fundador y director de la productora\u00a0Selva Producciones, especializada en producciones para el mundo de la publicidad y la empresa, pero que tambi\u00e9n produce cine y televisi\u00f3n, as\u00ed como otros servicios. Selva, de espiritu inquieto, tiene un amplio curr\u00edculo como expedicionario. En \u00c1frica ha estado en el Alto Atlas, el Kilimanajaro, Monte Kenia y Punta Lenana; [&hellip;]<\/p>\n","protected":false},"author":1,"featured_media":0,"parent":0,"menu_order":0,"comment_status":"closed","ping_status":"closed","template":"","meta":{"footnotes":""},"class_list":["post-74","page","type-page","status-publish","hentry"],"_links":{"self":[{"href":"https:\/\/tierraspolares.es\/trineodeviento\/wp-json\/wp\/v2\/pages\/74","targetHints":{"allow":["GET"]}}],"collection":[{"href":"https:\/\/tierraspolares.es\/trineodeviento\/wp-json\/wp\/v2\/pages"}],"about":[{"href":"https:\/\/tierraspolares.es\/trineodeviento\/wp-json\/wp\/v2\/types\/page"}],"author":[{"embeddable":true,"href":"https:\/\/tierraspolares.es\/trineodeviento\/wp-json\/wp\/v2\/users\/1"}],"replies":[{"embeddable":true,"href":"https:\/\/tierraspolares.es\/trineodeviento\/wp-json\/wp\/v2\/comments?post=74"}],"version-history":[{"count":0,"href":"https:\/\/tierraspolares.es\/trineodeviento\/wp-json\/wp\/v2\/pages\/74\/revisions"}],"wp:attachment":[{"href":"https:\/\/tierraspolares.es\/trineodeviento\/wp-json\/wp\/v2\/media?parent=74"}],"curies":[{"name":"wp","href":"https:\/\/api.w.org\/{rel}","templated":true}]}}

<p><a href="http://tierraspolares.es//tierraspolares/trineodeviento/wp-content/uploads/2013/12/accionantartida-001774.jpg"><img fetchpriority="high" decoding="async" class="aligncenter size-large wp-image-295" alt="" src="http://tierraspolares.es//tierraspolares/trineodeviento/wp-content/uploads/2013/12/accionantartida-001774-1024x682.jpg" width="1024" height="682" /></a></p>
<p>Si algo define a Javier Selva es su capacidad para inciar aventuras. De origen castellano, desde muy joven decidió que lo suyo era dedicarse a retratar las bellezas del mundo. Así que se hizo fotógrafo y viajero, un perfil que acompaña de abundantes dosis de emprendedor de proyectos enraizados con la tierra.</p>
<p>Licenciado en Sociología y con estudios de Geografía e Historia, comenzó a conocer el planeta en un viaje a Escocia en 1983, y desde entonces le ha dado varias vueltas, de Papúa Nueva Guinea a Alaska, del Himalaya a los Andes de Perú y muchos otros destinos que han dado lugar a grandes documentales. Entre ellos, &#8216;Alaska: Monte Logan», «Desde Rusia con amor: primera ascensión nacional al Khan Tengri», «Isla de Baffin: El descubrimiento del frío», «Expedición Castellano-Manchega: Tibet 97», «Historia de una ilusión: Himalaya de la India», «Sueños Árticos» y «Península Antártica».</p>
<p>Es fundador y director de la productora<a href="http://www.selvaproducciones.es/"> Selva Producciones</a>, especializada en producciones para el mundo de la publicidad y la empresa, pero que también produce cine y televisión, así como otros servicios.</p>
<p>Selva, de espiritu inquieto, tiene un amplio currículo como expedicionario. En África ha estado en el Alto Atlas, el Kilimanajaro, Monte Kenia y Punta Lenana; estuvo también en la Primera Travesía en el Monte Newton (Islas Spitzbergen de Noruega) en 1987, en el Monte Logan (Alaska) en 1990,  en la Travesía invernal del Parque Nacional de Stora Sjöfallets (Laponia) en 1997, en la Circunvalación de Islandia en 1996, en la primera ascención al  Nunatak Laputaanuik de Groenlandia en 2004, en las primeras subidas nacionales a los montes Tenant, Scott y Monte Shackelton de la Penínsul aAntártica en 2001. Y al año siguiente viajaría a la Península de Kamchatka para subir al Volcán Kliuchevskoi, también en la primera travesía nacional.</p>
<p>Con Ramón Larramendi, participó en la <a href="http://tierraspolares.es//tierraspolares/trineodeviento/?page_id=96">Expedición Acciona Windpowered Antártida</a>, en 2011-2012, donde fue el responsable de todas las imágenes que han dado la vuelta al mundo.</p>
<p>Pero además de explorar con sus pies y su cámara los lugares más recónditos, Javier Selva su interés por la conservación y el medio ambiente le ha llevado a crear la empresa <a title="DeDiMa" href="http://www.dedima.com/">DeDiMa</a>, que ofrece desarrollos digitales para la preservación de la naturaleza (detección de incendios, realidad aumentada, sistemas de información geográfica, etc).</p>
<p>Asimismo es el promotor del proyecto <a href="http://www.lamiradagenerosa.es/general.php?idi=cas&amp;sec=1">LA MIRADA GENEROSA</a>, una iniciativa para el desarrollo rural a través de las nuevas tecnologías y las energías renovables, que tiene su eje en torno a la recuperación de un molino en un municipio del Pirineo aragonés. Allí mismo, se ha involucrado en la recuperación de cultivos tradicionales que están en extinción.</p>
<p>Es miembro de la <a href="http://www.sge.org/">Sociedad Geográfica Española</a>.</p>
<p>&nbsp;</p>

<p>Si algo define a Javier Selva es su capacidad para inciar aventuras. De origen castellano, desde muy joven decidió que lo suyo era dedicarse a retratar las bellezas del mundo. Así que se hizo fotógrafo y viajero, un perfil que acompaña de abundantes dosis de emprendedor de proyectos enraizados con la tierra. Licenciado en Sociología y con estudios de Geografía e Historia, comenzó a conocer el planeta en un viaje a Escocia en 1983, y desde entonces le ha dado varias vueltas, de Papúa Nueva Guinea a Alaska, del Himalaya a los Andes de Perú y muchos otros destinos que han dado lugar a grandes documentales. Entre ellos, &#8216;Alaska: Monte Logan», «Desde Rusia con amor: primera ascensión nacional al Khan Tengri», «Isla de Baffin: El descubrimiento del frío», «Expedición Castellano-Manchega: Tibet 97», «Historia de una ilusión: Himalaya de la India», «Sueños Árticos» y «Península Antártica». Es fundador y director de la productora Selva Producciones, especializada en producciones para el mundo de la publicidad y la empresa, pero que también produce cine y televisión, así como otros servicios. Selva, de espiritu inquieto, tiene un amplio currículo como expedicionario. En África ha estado en el Alto Atlas, el Kilimanajaro, Monte Kenia y Punta Lenana; [&hellip;]</p>
