{"id":829,"date":"2014-02-18T10:41:59","date_gmt":"2014-02-18T10:41:59","guid":{"rendered":"http:\/\/uptobe.es\/tierraspolares\/trineodeviento\/?page_id=829"},"modified":"2024-04-29T13:30:36","modified_gmt":"2024-04-29T11:30:36","slug":"equipo-tecnico","status":"publish","type":"page","link":"https:\/\/tierraspolares.es\/trineodeviento\/equipo\/equipo-tecnico\/","title":{"rendered":"Equipo t\u00e9cnico"},"content":{"rendered":"\t\t<div data-elementor-type=\"wp-page\" data-elementor-id=\"829\" class=\"elementor elementor-829\">\n\t\t\t\t\t\t<section class=\"elementor-section elementor-top-section elementor-element elementor-element-b73a903 elementor-section-boxed elementor-section-height-default elementor-section-height-default\" data-id=\"b73a903\" data-element_type=\"section\" data-e-type=\"section\">\n\t\t\t\t\t\t<div class=\"elementor-container elementor-column-gap-default\">\n\t\t\t\t\t<div class=\"elementor-column elementor-col-100 elementor-top-column elementor-element elementor-element-a45d2d6\" data-id=\"a45d2d6\" data-element_type=\"column\" data-e-type=\"column\">\n\t\t\t<div class=\"elementor-widget-wrap elementor-element-populated\">\n\t\t\t\t\t\t<div class=\"elementor-element elementor-element-cfa9099 elementor-widget elementor-widget-text-editor\" data-id=\"cfa9099\" data-element_type=\"widget\" data-e-type=\"widget\" data-widget_type=\"text-editor.default\">\n\t\t\t\t<div class=\"elementor-widget-container\">\n\t\t\t\t\t\t\t\t\t<div id=\"content\"><p>El equipo del Trineo de Viento no podr\u00eda alcanzar sus retos si no fuera por el apoyo t\u00e9cnico que reciben de los especialistas que, desde su campo espec\u00edfico, hacen posible que no s\u00f3lo se cumplan sino que el eco-veh\u00edculo polar mejore cada vez m\u00e1s sus posibilidades. Son ellos los que antes de cada viaje preparan, con el equipo del Proyecto, hasta los \u00faltimos detalles para minimizar el riesgo en cada aventura.<\/p><\/div>\t\t\t\t\t\t\t\t<\/div>\n\t\t\t\t<\/div>\n\t\t\t\t<div class=\"elementor-element elementor-element-0e261ec elementor-widget-divider--view-line elementor-widget elementor-widget-divider\" data-id=\"0e261ec\" data-element_type=\"widget\" data-e-type=\"widget\" data-widget_type=\"divider.default\">\n\t\t\t\t<div class=\"elementor-widget-container\">\n\t\t\t\t\t\t\t<div class=\"elementor-divider\">\n\t\t\t<span class=\"elementor-divider-separator\">\n\t\t\t\t\t\t<\/span>\n\t\t<\/div>\n\t\t\t\t\t\t<\/div>\n\t\t\t\t<\/div>\n\t\t\t\t<div class=\"elementor-element elementor-element-8b5b69b elementor-widget elementor-widget-text-editor\" data-id=\"8b5b69b\" data-element_type=\"widget\" data-e-type=\"widget\" data-widget_type=\"text-editor.default\">\n\t\t\t\t<div class=\"elementor-widget-container\">\n\t\t\t\t\t\t\t\t\t<h3><strong>JAVIER DE LA PUENTE<\/strong><\/h3>\n<img fetchpriority=\"high\" decoding=\"async\" class=\"alignleft\" src=\"https:\/\/tierraspolares.es\/trineodeviento\/wp-content\/uploads\/2024\/04\/IMG_3565-1024x682-1.jpg\" alt=\"\" width=\"395\" height=\"263\" \/>\n\nJavier de la Puente forma parte del equipo t\u00e9cnico desde que Ram\u00f3n Larramendi inici\u00f3 el proyecto. Desde su empresa Fun Run Kayak, con sede en Aranda de Duero (Burgos), lleva 25 a\u00f1os investigando y desarrollando innovadores modelos con nuevos materiales, fundamentalmente destinados a los kayak , <strong>sin abandonar por ello el car\u00e1cter artesanal<\/strong>\u00a0que hace de sus productos unidades\u00a0\u00fanicas. Es la empresa con los kayak m\u00e1s valorados en todo el sur de Europa.\n\nDe la Puente cre\u00f3 Fun Run Kayak cuando decidi\u00f3 aunar sus dos pasiones:\u00a0\u00a0el mundo del kayak y el campo de los\u00a0materiales compuestos, en los que es un gran especialista. Junto con el explorador polar, ha participado en el dise\u00f1o de todos los prototipos del Trineo de Viento. Juntos realizaron las <a href=\"http:\/\/tierraspolares.es\/\/tierraspolares\/trineodeviento\/?page_id=114\">primeras pruebas en los Pirineos y en Canad\u00e1<\/a>. De la Puente es capaz de dar forma a las innovaciones que Larramendi ha ido introduciendo en el veh\u00edculo, basadas todas ellas en su experiencia sobre el terreno.\t\t\t\t\t\t\t\t<\/div>\n\t\t\t\t<\/div>\n\t\t\t\t<div class=\"elementor-element elementor-element-20e336a elementor-widget-divider--view-line elementor-widget elementor-widget-divider\" data-id=\"20e336a\" data-element_type=\"widget\" data-e-type=\"widget\" data-widget_type=\"divider.default\">\n\t\t\t\t<div class=\"elementor-widget-container\">\n\t\t\t\t\t\t\t<div class=\"elementor-divider\">\n\t\t\t<span class=\"elementor-divider-separator\">\n\t\t\t\t\t\t<\/span>\n\t\t<\/div>\n\t\t\t\t\t\t<\/div>\n\t\t\t\t<\/div>\n\t\t\t\t<div class=\"elementor-element elementor-element-7a2c8ca elementor-widget elementor-widget-text-editor\" data-id=\"7a2c8ca\" data-element_type=\"widget\" data-e-type=\"widget\" data-widget_type=\"text-editor.default\">\n\t\t\t\t<div class=\"elementor-widget-container\">\n\t\t\t\t\t\t\t\t\t<h3><strong>JUAN LUPI\u00d3N<\/strong><\/h3>\n<img decoding=\"async\" class=\"alignleft lazyload\" data-src=\"https:\/\/tierraspolares.es\/trineodeviento\/wp-content\/uploads\/2024\/04\/1-kite-master-Juan-Lupion-in-his-workshop.-1024x768-1.jpg\" width=\"383\" height=\"287\" src=\"data:image\/svg+xml;base64,PHN2ZyB3aWR0aD0iMSIgaGVpZ2h0PSIxIiB4bWxucz0iaHR0cDovL3d3dy53My5vcmcvMjAwMC9zdmciPjwvc3ZnPg==\" style=\"--smush-placeholder-width: 383px; --smush-placeholder-aspect-ratio: 383\/287;\" \/>\n\nJuan Lupi\u00f3n es uno de los m\u00e1s reconocidos dise\u00f1adores y fabricantes de cometas, parapentes, zeppelines, etc\u00e9tera, de Espa\u00f1a. Hoy, adem\u00e1s, es reconocido como el inventor de un parapente para discapacitados que ha hecho posible el sue\u00f1o de volar sin motor a miles de personas. Fundador y propietario del Taller del Aire en Madrid, ha acabado instal\u00e1ndose en Zaragoza, desde donde contin\u00faa experimentando y fabricando materiales que nos permiten movernos con la fuerza del viento.\n\nLupi\u00f3n, hoy un experimentado parapentista, pese a que sufri\u00f3 un grave accidente, participa el Proyecto Trineo de Viento con un elemento fundamental: las cometas. Fruto de su trabajo son todas las que el equipo lleva y han sido concienzudamente cosidas y reforzadas para aguantar los agresivos vientos polares. Su \u00faltima gran innovaci\u00f3n: una cometa de 80 metros cuadrados que permite navegar a los expedicionarios pese a que el viento sea m\u00ednimo.\t\t\t\t\t\t\t\t<\/div>\n\t\t\t\t<\/div>\n\t\t\t\t<div class=\"elementor-element elementor-element-2cf032c elementor-widget-divider--view-line elementor-widget elementor-widget-divider\" data-id=\"2cf032c\" data-element_type=\"widget\" data-e-type=\"widget\" data-widget_type=\"divider.default\">\n\t\t\t\t<div class=\"elementor-widget-container\">\n\t\t\t\t\t\t\t<div class=\"elementor-divider\">\n\t\t\t<span class=\"elementor-divider-separator\">\n\t\t\t\t\t\t<\/span>\n\t\t<\/div>\n\t\t\t\t\t\t<\/div>\n\t\t\t\t<\/div>\n\t\t\t\t<div class=\"elementor-element elementor-element-62bb925 elementor-widget elementor-widget-text-editor\" data-id=\"62bb925\" data-element_type=\"widget\" data-e-type=\"widget\" data-widget_type=\"text-editor.default\">\n\t\t\t\t<div class=\"elementor-widget-container\">\n\t\t\t\t\t\t\t\t\t<h3><strong>JOS\u00c9 LUIS ROMERO<\/strong><\/h3>\n<img decoding=\"async\" class=\"alignleft lazyload\" data-src=\"https:\/\/tierraspolares.es\/trineodeviento\/wp-content\/uploads\/2024\/04\/accionantartida-001625-1024x682-1.jpg\" width=\"380\" height=\"253\" src=\"data:image\/svg+xml;base64,PHN2ZyB3aWR0aD0iMSIgaGVpZ2h0PSIxIiB4bWxucz0iaHR0cDovL3d3dy53My5vcmcvMjAwMC9zdmciPjwvc3ZnPg==\" style=\"--smush-placeholder-width: 380px; --smush-placeholder-aspect-ratio: 380\/253;\" \/>Director t\u00e9cnico de Altus, Jos\u00e9 Luis Romero, es el responsable de dise\u00f1o de la tienda de campa\u00f1a que va sobre el Trineo de Viento, y que ha sido dise\u00f1ada especialmente para las expediciones en este veh\u00edculo e\u00f3lico. Ram\u00f3n Laramendi encontr\u00f3 en Romero el especialista en material de alta monta\u00f1a que necesitaba para construir otra de las piezas fundamentales de su veh\u00edculo: la unidad que sirve de refugio a los expedicionarios, que debe aguantar temperaturas de hasta 40 grados bajo cero y ser lo suficientemente s\u00f3lida y flexible como para resistir los fuertes vientos ant\u00e1rticos. Romero lo consigui\u00f3.\n\nComo responsable t\u00e9cnico de Altus, por sus manos pasan todos los nuevos productos de una empresa puntera en el mundo del monta\u00f1ismo, tanto a nivel nacional como internacional. Fue una de las tripulantes del Trineo de Viento en la expedici\u00f3n \u00abCincunnavegaci\u00f3n a Groenlandia 2014\u00bb.\t\t\t\t\t\t\t\t<\/div>\n\t\t\t\t<\/div>\n\t\t\t\t<div class=\"elementor-element elementor-element-904ba7c elementor-widget-divider--view-line elementor-widget elementor-widget-divider\" data-id=\"904ba7c\" data-element_type=\"widget\" data-e-type=\"widget\" data-widget_type=\"divider.default\">\n\t\t\t\t<div class=\"elementor-widget-container\">\n\t\t\t\t\t\t\t<div class=\"elementor-divider\">\n\t\t\t<span class=\"elementor-divider-separator\">\n\t\t\t\t\t\t<\/span>\n\t\t<\/div>\n\t\t\t\t\t\t<\/div>\n\t\t\t\t<\/div>\n\t\t\t\t<div class=\"elementor-element elementor-element-6270037 elementor-widget elementor-widget-text-editor\" data-id=\"6270037\" data-element_type=\"widget\" data-e-type=\"widget\" data-widget_type=\"text-editor.default\">\n\t\t\t\t<div class=\"elementor-widget-container\">\n\t\t\t\t\t\t\t\t\t<div id=\"title\"><h3><strong>HERMANOS GONZ\u00c1LEZ<\/strong><\/h3><p><img decoding=\"async\" class=\"alignleft lazyload\" data-src=\"https:\/\/tierraspolares.es\/trineodeviento\/wp-content\/uploads\/2014\/02\/showkite.jpg\" width=\"190\" height=\"191\" src=\"data:image\/svg+xml;base64,PHN2ZyB3aWR0aD0iMSIgaGVpZ2h0PSIxIiB4bWxucz0iaHR0cDovL3d3dy53My5vcmcvMjAwMC9zdmciPjwvc3ZnPg==\" style=\"--smush-placeholder-width: 190px; --smush-placeholder-aspect-ratio: 190\/191;\" \/><\/p><p>Los hermanos Pedro y Esteban Gonz\u00e1lez son los directores de la empresa Show Kites, dedicada a la fabricaci\u00f3n y dise\u00f1o de cometas. La empresa se encuentra ubicda en Valencia. En la Primera Circunnavegaci\u00f3n a Groenlandia en Trineo de Viento, han colaborado en la preparaci\u00f3n de las cometas que son el motor de este veh\u00edculo e\u00f3lico \u00fanico en el mundo.<\/p><\/div>\t\t\t\t\t\t\t\t<\/div>\n\t\t\t\t<\/div>\n\t\t\t\t\t<\/div>\n\t\t<\/div>\n\t\t\t\t\t<\/div>\n\t\t<\/section>\n\t\t\t\t<\/div>\n\t\t","protected":false},"excerpt":{"rendered":"<p>El equipo del Trineo de Viento no podr\u00eda alcanzar sus retos si no fuera por el apoyo t\u00e9cnico que reciben de los especialistas que, desde su campo espec\u00edfico, hacen posible que no s\u00f3lo se cumplan sino que el eco-veh\u00edculo polar mejore cada vez m\u00e1s sus posibilidades. Son ellos los que antes de cada viaje preparan, con el equipo del Proyecto, hasta los \u00faltimos detalles para minimizar el riesgo en cada aventura. JAVIER DE LA PUENTE Javier de la Puente forma parte del equipo t\u00e9cnico desde que Ram\u00f3n Larramendi inici\u00f3 el proyecto. Desde su empresa Fun Run Kayak, con sede en Aranda de Duero (Burgos), lleva 25 a\u00f1os investigando y desarrollando innovadores modelos con nuevos materiales, fundamentalmente destinados a los kayak , sin abandonar por ello el car\u00e1cter artesanal\u00a0que hace de sus productos unidades\u00a0\u00fanicas. Es la empresa con los kayak m\u00e1s valorados en todo el sur de Europa. De la Puente cre\u00f3 Fun Run Kayak cuando decidi\u00f3 aunar sus dos pasiones:\u00a0\u00a0el mundo del kayak y el campo de los\u00a0materiales compuestos, en los que es un gran especialista. Junto con el explorador polar, ha participado en el dise\u00f1o de todos los prototipos del Trineo de Viento. Juntos realizaron las primeras pruebas en [&hellip;]<\/p>\n","protected":false},"author":1,"featured_media":0,"parent":142,"menu_order":0,"comment_status":"closed","ping_status":"open","template":"","meta":{"footnotes":""},"class_list":["post-829","page","type-page","status-publish","hentry"],"_links":{"self":[{"href":"https:\/\/tierraspolares.es\/trineodeviento\/wp-json\/wp\/v2\/pages\/829","targetHints":{"allow":["GET"]}}],"collection":[{"href":"https:\/\/tierraspolares.es\/trineodeviento\/wp-json\/wp\/v2\/pages"}],"about":[{"href":"https:\/\/tierraspolares.es\/trineodeviento\/wp-json\/wp\/v2\/types\/page"}],"author":[{"embeddable":true,"href":"https:\/\/tierraspolares.es\/trineodeviento\/wp-json\/wp\/v2\/users\/1"}],"replies":[{"embeddable":true,"href":"https:\/\/tierraspolares.es\/trineodeviento\/wp-json\/wp\/v2\/comments?post=829"}],"version-history":[{"count":10,"href":"https:\/\/tierraspolares.es\/trineodeviento\/wp-json\/wp\/v2\/pages\/829\/revisions"}],"predecessor-version":[{"id":987510994,"href":"https:\/\/tierraspolares.es\/trineodeviento\/wp-json\/wp\/v2\/pages\/829\/revisions\/987510994"}],"up":[{"embeddable":true,"href":"https:\/\/tierraspolares.es\/trineodeviento\/wp-json\/wp\/v2\/pages\/142"}],"wp:attachment":[{"href":"https:\/\/tierraspolares.es\/trineodeviento\/wp-json\/wp\/v2\/media?parent=829"}],"curies":[{"name":"wp","href":"https:\/\/api.w.org\/{rel}","templated":true}]}}